{"id":23,"date":"2025-08-23T10:05:14","date_gmt":"2025-08-23T10:05:14","guid":{"rendered":"https:\/\/macarenaescamezinteriorismo.com\/?page_id=23"},"modified":"2026-02-06T12:17:56","modified_gmt":"2026-02-06T12:17:56","slug":"aviso-legal","status":"publish","type":"page","link":"https:\/\/macarenaescamezinteriorismo.com\/index.php\/aviso-legal\/","title":{"rendered":"Aviso legal"},"content":{"rendered":"\n<p>En cumplimiento con lo dispuesto en la Ley 34\/2002, de 11 de julio, de servicios de la sociedad de la informaci\u00f3n y de comercio electr\u00f3nico (LSSI-CE), se informa a los usuarios de los siguientes datos identificativos del titular del sitio web:<\/p>\n\n\n\n<p><strong>Titular:<\/strong><em> <em>Carmen Macarena Esc\u00e1mez Navas<\/em><br><\/em><strong>NIF\/CIF:<\/strong>\u00a0<em><em>74856841Y<\/em><br><\/em><strong>Domicilio social:<\/strong><em>Calle Fuengirola n\u00famero 11 Portal 4 Piso 2 D<\/em> <em>29730 &#8211; Rinc\u00f3n de la Victoria<br><\/em><strong>Correo electr\u00f3nico:<\/strong> macarenaescamez@hotmail.com<\/p>\n\n\n\n<hr class=\"wp-block-separator has-alpha-channel-opacity\"\/>\n\n\n\n<h3 class=\"wp-block-heading\">Objeto<\/h3>\n\n\n\n<p>El presente sitio web tiene como objeto facilitar informaci\u00f3n sobre los servicios y\/o actividades desarrolladas por el titular, as\u00ed como permitir el contacto con los usuarios interesados.<\/p>\n\n\n\n<hr class=\"wp-block-separator has-alpha-channel-opacity\"\/>\n\n\n\n<h3 class=\"wp-block-heading\">Condiciones de uso<\/h3>\n\n\n\n<p>El acceso y uso de este sitio web atribuye la condici\u00f3n de usuario e implica la aceptaci\u00f3n plena y sin reservas de las presentes condiciones de uso. El usuario se compromete a hacer un uso adecuado de los contenidos y servicios, conforme a la ley, la buena fe y el orden p\u00fablico.<\/p>\n\n\n\n<p>El titular se reserva el derecho a modificar en cualquier momento y sin previo aviso la presentaci\u00f3n, configuraci\u00f3n y contenidos del sitio web, as\u00ed como las presentes condiciones de uso.<\/p>\n\n\n\n<hr class=\"wp-block-separator has-alpha-channel-opacity\"\/>\n\n\n\n<h3 class=\"wp-block-heading\">Propiedad intelectual e industrial<\/h3>\n\n\n\n<p>Todos los contenidos del sitio web, incluyendo a t\u00edtulo enunciativo textos, im\u00e1genes, dise\u00f1os, logotipos, iconos, software y dem\u00e1s elementos, son titularidad del titular del sitio web o de terceros que han autorizado su uso, y se encuentran protegidos por la normativa vigente en materia de propiedad intelectual e industrial.<\/p>\n\n\n\n<p>Queda prohibida la reproducci\u00f3n, distribuci\u00f3n o comunicaci\u00f3n p\u00fablica, total o parcial, de los contenidos de este sitio web sin la autorizaci\u00f3n expresa del titular.<\/p>\n\n\n\n<hr class=\"wp-block-separator has-alpha-channel-opacity\"\/>\n\n\n\n<h3 class=\"wp-block-heading\">Responsabilidad<\/h3>\n\n\n\n<p>El titular no se hace responsable de los da\u00f1os o perjuicios derivados del uso de la informaci\u00f3n contenida en el sitio web, ni de la falta de disponibilidad del mismo. Asimismo, no garantiza la ausencia de virus u otros elementos que puedan producir alteraciones en los sistemas inform\u00e1ticos del usuario.<\/p>\n\n\n\n<p>El titular no se responsabiliza de los contenidos de los enlaces externos que puedan incluirse en el sitio web.<\/p>\n\n\n\n<hr class=\"wp-block-separator has-alpha-channel-opacity\"\/>\n\n\n\n<h3 class=\"wp-block-heading\">Protecci\u00f3n de datos<\/h3>\n\n\n\n<p>El tratamiento de los datos personales que, en su caso, se recaben a trav\u00e9s del sitio web se regir\u00e1 por lo dispuesto en la&nbsp;<strong>Pol\u00edtica de Privacidad<\/strong>, que el usuario puede consultar en el enlace correspondiente.<\/p>\n\n\n\n<hr class=\"wp-block-separator has-alpha-channel-opacity\"\/>\n\n\n\n<h3 class=\"wp-block-heading\">Legislaci\u00f3n aplicable y jurisdicci\u00f3n<\/h3>\n\n\n\n<p>La relaci\u00f3n entre el titular del sitio web y el usuario se regir\u00e1 por la normativa espa\u00f1ola vigente. Para la resoluci\u00f3n de cualquier controversia que pudiera derivarse del acceso o uso del sitio web, las partes se someten a los juzgados y tribunales que correspondan conforme a derecho.<\/p>\n","protected":false},"excerpt":{"rendered":"<p>En cumplimiento con lo dispuesto en la Ley 34\/2002, de 11 de julio, de servicios de la sociedad de la informaci\u00f3n y de comercio electr\u00f3nico (LSSI-CE), se informa a los usuarios de los siguientes datos identificativos del titular del sitio web: Titular: Carmen Macarena Esc\u00e1mez NavasNIF\/CIF:\u00a074856841YDomicilio social:Calle Fuengirola n\u00famero 11 Portal 4 Piso 2 D [&hellip;]<\/p>\n","protected":false},"author":1,"featured_media":0,"parent":0,"menu_order":0,"comment_status":"closed","ping_status":"closed","template":"","meta":{"footnotes":""},"class_list":["post-23","page","type-page","status-publish","hentry"],"_links":{"self":[{"href":"https:\/\/macarenaescamezinteriorismo.com\/index.php\/wp-json\/wp\/v2\/pages\/23","targetHints":{"allow":["GET"]}}],"collection":[{"href":"https:\/\/macarenaescamezinteriorismo.com\/index.php\/wp-json\/wp\/v2\/pages"}],"about":[{"href":"https:\/\/macarenaescamezinteriorismo.com\/index.php\/wp-json\/wp\/v2\/types\/page"}],"author":[{"embeddable":true,"href":"https:\/\/macarenaescamezinteriorismo.com\/index.php\/wp-json\/wp\/v2\/users\/1"}],"replies":[{"embeddable":true,"href":"https:\/\/macarenaescamezinteriorismo.com\/index.php\/wp-json\/wp\/v2\/comments?post=23"}],"version-history":[{"count":2,"href":"https:\/\/macarenaescamezinteriorismo.com\/index.php\/wp-json\/wp\/v2\/pages\/23\/revisions"}],"predecessor-version":[{"id":261,"href":"https:\/\/macarenaescamezinteriorismo.com\/index.php\/wp-json\/wp\/v2\/pages\/23\/revisions\/261"}],"wp:attachment":[{"href":"https:\/\/macarenaescamezinteriorismo.com\/index.php\/wp-json\/wp\/v2\/media?parent=23"}],"curies":[{"name":"wp","href":"https:\/\/api.w.org\/{rel}","templated":true}]}}